3*t - 30 = -3*d. Calculate the highest common divisor of t and z.
3
Suppose -5*t - 17 = -3*s - 0*t, -4*s + 4*t + 20 = 0. Suppose 5*p + 5 = 0, -4*n = 4*p - 38 - 134. What is the highest common divisor of s and n?
4
Let y be (-538)/(-4 + 0 - -2). Suppose 4*f - y = 3*q + 26, f = -2*q + 82. Let p = -37 - -56. Calculate the greatest common divisor of p and f.
19
Suppose -4*q - 3*h + 170 + 35 = 0, 207 = 4*q + h. Let j(g) = g**2 + 4*g - 19. Let o be j(-8). Calculate the highest common factor of q and o.
13
Suppose -5*h + 3*h = -220. What is the greatest common divisor of h and 10?
10
Suppose 6 = 2*r - 3*w, -3 = -2*r + 4*w + 3. Suppose 0 = o - r*o + 110. What is the highest common factor of 11 and o?
11
Suppose 3*k = v + 27 + 3, k - 3*v = 2. Let r = k - -2. What is the highest common factor of 117 and r?
13
Let r = 18 - 16. Suppose 4 = r*x - 18. Suppose -2*b = -82 - 72. Calculate the highest common divisor of x and b.
11
Suppose -55 - 341 = -4*z. Let s = z + -59. Suppose -37 = -5*u + 3. What is the greatest common divisor of s and u?
8
Let t = 36 - 11. Calculate the highest common divisor of t and 75.
25
Let j(z) = 2*z**2 + z + 1. Let b be j(2). Suppose -5*v = -7*v + 198. What is the greatest common divisor of v and b?
11
Suppose 5*q - 5 = n - 35, -76 = -2*n + 2*q. Suppose -v + n = 4*v. Suppose 5*a = -3*r - 2*r + 35, r + 41 = 5*a. What is the greatest common factor of a and v?
8
Let y be -3*9/(27/(-10)). What is the highest common divisor of 2 and y?
2
Let b = 759 + -453. Suppose 4*a - b = 2*a. Calculate the greatest common divisor of 17 and a.
17
Let f be (2/(-4))/((-2)/648). Suppose y = -y + f. Suppose 5*h + w - 245 = 0, -h - h + y = -3*w. Calculate the highest common factor of h and 6.
6
Let b = 112 + 64. What is the highest common factor of 11 and b?
11
Let f(y) = -y**3 + 14*y**2 - 16*y + 6. Let p be f(13). Let t = p + 78. Let z = -41 - -59. Calculate the highest common divisor of z and t.
9
Suppose 3*l - 2*c - 72 = c, 3*l = -5*c + 96. Let z(m) = 2*m. Let h be z(9). What is the highest common divisor of h and l?
9
Let g be 2*(1 + 0/2). Suppose 0 = g*a - a - 60. Let d be -4*(3 - 0)*-1. What is the highest common divisor of a and d?
12
Suppose -148 = -2*f - v, -3*v + 212 = 3*f + v. Let a = f + 45. Calculate the greatest common factor of 11 and a.
11
Let g be (-6)/(-12) + (-158)/(-4). Calculate the highest common factor of g and 100.
20
Let v(y) = -y**2 - 19*y - 16. Let s be v(-18). What is the greatest common divisor of 6 and s?
2
Let z be -141*(-2)/9 - 8/(-12). Calculate the greatest common divisor of 224 and z.
32
Let g(w) = -27*w. Let b be g(-1). What is the highest common factor of 189 and b?
27
Let y = -70 + 135. What is the greatest common divisor of y and 13?
13
Let r(q) = q**3 - 22*q**2 + 47*q - 14. Let s be r(20). What is the highest common factor of 14 and s?
14
Let d be ((-2 + 8)/3)/(10/5). What is the greatest common divisor of d and 4?
1
Let p(k) = -k**3 - 3*k**2 + 6*k + 4. Let r be p(-4). Let j be r/(16/(-7) + 2). Calculate the greatest common divisor of 112 and j.
14
Suppose 5*p - d - 342 = 0, 5 - 3 = -d. What is the highest common divisor of 34 and p?
34
Let p be ((-48)/(-10))/(5/25). Let k = p + -6. Suppose -16 = -5*r + 74. Calculate the highest common factor of k and r.
18
Let p(v) = 4*v**2 + v + 1. Let d be p(2). Let h = -4 + d. Calculate the greatest common divisor of 5 and h.
5
Suppose -56 = -s + 3*u, -s + 5*u = u - 58. Calculate the highest common factor of s and 5.
5
Let w = 2 - 0. Suppose 1 = -w*c - 5*p + 19, -10 = -5*p. Let d be (-6 - 0)/(c/(-10)). Calculate the highest common divisor of d and 15.
15
Let c(k) = -k**3 - 4*k**2 - 4*k - 1. Let y be c(-3). What is the greatest common factor of y and 3?
1
Let d(l) = -l + 7. Let s be d(-6). Calculate the highest common factor of 39 and s.
13
Suppose -3*r - 2*z + 2 = 2*r, 0 = 3*r + 2*z - 2. Let h = 9 + r. What is the greatest common divisor of 36 and h?
9
Let m be 160/(-72) - 2/(-9). Suppose -x + 0*x - 1 = 0. Let p be m - x - (-23 - -2). Calculate the greatest common divisor of p and 10.
10
Let d(a) = -a + 8. Let m be d(4). Let t = 119 - 51. Suppose -k = -y + 6*y - 13, m*y - t = -4*k. What is the highest common divisor of 9 and k?
9
Let l(o) be the second derivative of -22*o**3/3 - 3*o**2 + 11*o. Let u be l(-3). Calculate the greatest common divisor of u and 18.
18
Let l = -2 - -2. Suppose l = p + 8 - 7. Let i be 5/p*(1 - 2). What is the highest common divisor of 15 and i?
5
Let z(m) = m**3 + 9*m**2 + 3*m + 18. Let n be z(-8). Calculate the greatest common factor of 145 and n.
29
Let j be (-2 + 205)*(-8 + 9). What is the greatest common divisor of 29 and j?
29
Suppose 3*v + 270 = 6*v. What is the greatest common divisor of 10 and v?
10
Suppose -5*t + 138 = 1083. Let g be t/14*(-2)/3. Suppose -34 + 7 = -3*a. Calculate the highest common divisor of g and a.
9
Let i = -40 + 42. What is the greatest common divisor of i and 6?
2
Suppose -5*m + 112 = 47. Let o = m + -8. Suppose -t = -68 + o. What is the highest common factor of 9 and t?
9
Let i(q) = 7*q**2 - 2*q - 4. Let c be i(-2). Calculate the greatest common factor of 224 and c.
28
Let i(l) = -l**2 + 6*l + 1. Let k be i(4). What is the greatest common divisor of k and 18?
9
Suppose 5*u = -2*l + 1276, 0*u - 5*l = 3*u - 758. Calculate the greatest common divisor of 32 and u.
32
Let i = 61 + -36. What is the highest common factor of 10 and i?
5
Suppose 0 = -4*p - 5*n + 99, 2*p + 3*n + 0 - 49 = 0. Calculate the highest common factor of 65 and p.
13
Let t(c) = -c**3 + 2 + 2*c - 4*c + 1. Let f be t(3). Let a = 15 - f. What is the greatest common factor of a and 9?
9
Let v = -28 - -61. Suppose 4*d = 453 - v. Let o(i) = -i**3 - 8*i**2 - 3*i - 9. Let k be o(-8). What is the highest common divisor of d and k?
15
Let w = -60 + 84. Let i be (-256)/(-2)*2/4. Let x = i + -28. What is the highest common factor of w and x?
12
Suppose 0 = s - 2*s + 4. Suppose 12 = -i + s*i. Suppose g - 4 = -i*y - 3*g, -4*g - 26 = -y. What is the highest common divisor of y and 3?
3
Let l be (-25)/10 - (-6)/(-4). Let a = -2 - l. Calculate the highest common factor of 1 and a.
1
Let r = 76 + -43. Let w = 25 - 3. What is the highest common factor of r and w?
11
Let a = -8 - -12. Suppose 0 = a*m - 52 - 460. What is the greatest common factor of m and 16?
16
Let z(c) = -2*c + 3. Let w be z(-2). Calculate the highest common divisor of w and 7.
7
Suppose 834 = 16*n + 290. Calculate the greatest common divisor of n and 34.
34
Let a be (-38)/57 - (-34)/6. What is the greatest common divisor of 45 and a?
5
Let g(k) = k**2 - 9*k + 2. Let n be g(10). Let q = 15 - 6. Let i = q + 15. What is the greatest common factor of i and n?
12
Let o(y) = y + 3. Let b be o(0). Let c = b - 3. Suppose 44 = 4*v + 4*m, c = v - 0*m - 2*m - 26. What is the highest common divisor of 8 and v?
8
Let w(v) = -v**3 + v + 2. Let i be 6/12 - (-5)/(-2). Let n be w(i). Calculate the highest common divisor of 40 and n.
8
Let h = -54 - -75. What is the greatest common divisor of 231 and h?
21
Let w = 1 - -2. Let b = 3 - w. Suppose -3*o - 2*o + 50 = b. Calculate the greatest common divisor of 70 and o.
10
Let o = -10 - -12. Suppose -5*n - o*f + 130 = 0, n + 3*f - 5*f - 38 = 0. Calculate the highest common divisor of n and 4.
4
Suppose -6 + 1 = -w - 5*t, -2*w = -4*t + 4. Suppose w = 4*b - 4*p - 56, -3*p - 25 + 127 = 5*b. Calculate the greatest common factor of 90 and b.
18
Suppose -23 = 4*h + 25. Let g = h + 14. What is the highest common divisor of 2 and g?
2
Let s be 4/(-8)*-50*1. What is the highest common divisor of s and 75?
25
Let v(o) = o - 1. Let x(d) = 7*d + 6. Let r(n) = -4*v(n) - x(n). Let t be r(-2). What is the greatest common divisor of 40 and t?
20
Suppose o = 2 - 0. Let k be (-1*1)/(-2 - -3). Let a be k/(-1*(-2)/(-4)). Calculate the greatest common divisor of a and o.
2
Suppose -10*g + 60 = -8*g. Let p be (-4)/(-3 - (1 + -3)). Suppose p*h - 52 = 28. What is the greatest common factor of g and h?
10
Let d(x) = -5*x + 26. Let s be d(-5). What is the greatest common divisor of s and 68?
17
Let u be (1 + (-30)/(-4))/((-17)/(-68)). What is the highest common divisor of u and 51?
17
Suppose 12 = m + 2. Let l be 1*(-1)/(-2)*m. Calculate the highest common divisor of 5 and l.
5
Let s(p) = -p**2 + 11